 of 3456244?
2, 11, 37, 193
List the prime factors of 143898.
2, 3, 29, 827
List the prime factors of 1028576.
2, 32143
What are the prime factors of 560938?
2, 7, 103, 389
What are the prime factors of 460949?
460949
List the prime factors of 2237907.
3, 7, 61, 1747
List the prime factors of 275460.
2, 3, 5, 4591
What are the prime factors of 2527209?
3, 19, 14779
List the prime factors of 6184747.
19, 325513
List the prime factors of 299217.
3, 17, 5867
List the prime factors of 2188544.
2, 83, 103
What are the prime factors of 10883764?
2, 307, 8863
List the prime factors of 629704.
2, 78713
What are the prime factors of 385824?
2, 3, 4019
What are the prime factors of 6877866?
2, 3, 59, 19429
What are the prime factors of 372213?
3, 41357
What are the prime factors of 145334?
2, 7, 1483
List the prime factors of 6410677.
7, 13, 5419
List the prime factors of 1047581.
23, 37, 1231
List the prime factors of 22032212.
2, 1597, 3449
List the prime factors of 8396100.
2, 3, 5, 19, 491
What are the prime factors of 611637?
3, 13, 15683
List the prime factors of 78006.
2, 3, 13001
What are the prime factors of 3575937?
3, 1191979
List the prime factors of 1330837.
61, 21817
What are the prime factors of 391448?
2, 167, 293
What are the prime factors of 2559994?
2, 1279997
List the prime factors of 26803726.
2, 13401863
List the prime factors of 347393.
37, 41, 229
List the prime factors of 175704.
2, 3, 7321
What are the prime factors of 254907?
3, 1049
List the prime factors of 23077074.
2, 3, 599, 6421
List the prime factors of 7138035.
3, 5, 127, 1249
List the prime factors of 7611655.
5, 1522331
What are the prime factors of 10883885?
5, 97, 22441
What are the prime factors of 6113915?
5, 19, 139, 463
List the prime factors of 1508826.
2, 3, 11, 22861
List the prime factors of 134147.
13, 17, 607
List the prime factors of 2023934.
2, 11, 91997
List the prime factors of 349191.
3, 479
What are the prime factors of 5725935?
3, 5, 19, 37, 181
What are the prime factors of 1564014?
2, 3, 463, 563
What are the prime factors of 5718009?
3, 11, 173273
List the prime factors of 7934924.
2, 1983731
List the prime factors of 941212.
2, 167, 1409
List the prime factors of 155958.
2, 3, 11, 17, 139
List the prime factors of 3497778.
2, 3, 317, 613
What are the prime factors of 469166?
2, 17, 13799
List the prime factors of 683100.
2, 3, 5, 11, 23
List the prime factors of 489081.
3, 163027
List the prime factors of 7361544.
2, 3, 17, 18043
What are the prime factors of 200884?
2, 50221
List the prime factors of 11206584.
2, 3, 317, 491
What are the prime factors of 20072304?
2, 3, 7, 19913
What are the prime factors of 191492?
2, 7, 977
What are the prime factors of 4055368?
2, 449, 1129
What are the prime factors of 17495978?
2, 59, 67, 2213
List the prime factors of 25531181.
13, 271, 7247
List the prime factors of 147876.
2, 3, 12323
List the prime factors of 3347436.
2, 3, 17, 61, 269
List the prime factors of 751779.
3, 7, 11933
What are the prime factors of 681052?
2, 170263
List the prime factors of 984691.
17, 57923
List the prime factors of 15051667.
19, 29, 59, 463
What are the prime factors of 756165?
3, 5, 50411
List the prime factors of 27748558.
2, 13874279
List the prime factors of 2886062.
2, 19, 53, 1433
What are the prime factors of 5896255?
5, 1179251
What are the prime factors of 6109545?
3, 5, 13, 17, 19, 97
List the prime factors of 2427137.
2427137
List the prime factors of 1163477.
7, 71, 2341
List the prime factors of 4627655.
5, 17, 54443
List the prime factors of 12503031.
3, 29, 137, 1049
What are the prime factors of 427267?
191, 2237
List the prime factors of 2794752.
2, 3, 1213
List the prime factors of 609525.
3, 5, 7, 43
What are the prime factors of 41168432?
2, 593, 4339
List the prime factors of 2407066.
2, 1203533
What are the prime factors of 577593?
3, 29, 2213
What are the prime factors of 3688389?
3, 136607
List the prime factors of 712332.
2, 3, 47, 421
What are the prime factors of 546664?
2, 23, 2971
List the prime factors of 473404.
2, 19, 6229
What are the prime factors of 311368?
2, 38921
What are the prime factors of 646446?
2, 3, 107741
List the prime factors of 5434582.
2, 2717291
What are the prime factors of 315689?
11, 2609
What are the prime factors of 416942?
2, 17, 12263
What are the prime factors of 1742609?
11, 158419
List the prime factors of 900796.
2, 13, 17, 1019
What are the prime factors of 244385?
5, 37, 1321
What are the prime factors of 2070882?
2, 3, 11, 10459
What are the prime factors of 497284?
2, 17, 71, 103
What are the prime factors of 273811?
101, 2711
What are the prime factors of 130114?
2, 67, 971
List the prime factors of 8223.
3, 2741
List the prime factors of 437393.
11, 17, 2339
What are the prime factors of 12918131?
12918131
List the prime factors of 11623587.
3, 37, 104717
What are the prime factors of 77297?
11, 7027
What are the prime factors of 2199636?
2, 3, 31, 73
List the prime factors of 545967.
3, 73, 277
List the prime factors of 112837.
53, 2129
List the prime factors of 4097326.
2, 2048663
What are the prime factors of 17114977?
11, 1555907
What are the prime factors of 5526895?
5, 11, 317
List the prime factors of 1692305.
5, 338461
List the prime factors of 15360818.
2, 11, 293, 2383
What are the prime factors of 1908484?
2, 31, 15391
What are the prime factors of 388883?
11, 35353
List the prime factors of 1429262.
2, 557, 1283
What are the prime factors of 722483?
17, 42499
List the prime factors of 7733746.
2, 71, 107, 509
What are the prime factors of 2392681?
2392681
List the prime factors of 1118358.
2, 3, 62131
What are the prime factors of 18104?
2, 31, 73
What are the prime factors of 73741?
37, 1993
What are the prime factors of 290073?
3, 7, 19, 727
What are the prime factors of 10789693?
389, 27737
What are the prime factors of 196659?
3, 21851
List the prime factors of 327034.
2, 163517
List the prime factors of 85225.
5, 7, 487
List the prime factors of 545338.
2, 19, 113, 127
What are the prime factors of 3708242?
2, 139, 13339
List the prime factors of 423859.
423859
What are the prime factors of 7625296?
2, 7, 103, 661
List the prime factors of 884113.
317, 2789
List the prime factors of 188132.
2, 7, 6719
List the prime factors of 1233987.
3, 37, 11117
List the prime factors of 829933.
13, 63841
What are the prime factors of 25499204?
2, 293, 21757
What are the prime factors of 24558445?
5, 239, 20551
What are the prime factors of 3513378?
2, 3, 11, 53233
List the prime factors of 1900682.
2, 7, 127, 1069
What are the prime factors of 818756?
2, 79, 2591
List the prime factors of 13007345.
5, 13, 83, 2411
What are the prime factors of 5655883?
17, 332699
What are the prime factors of 807612?
2, 3, 13, 31, 167
What are the prime factors of 734920?
2, 5, 19, 967
List the prime factors of 2091030.
2, 3, 5, 47, 1483
What are the prime factors of 385511?
7, 55073
What are the prime factors of 657058?
2, 19, 17291
List the prime factors of 34178036.
2, 19, 23669
What are the prime factors of 2404?
2, 601
What are the prime factors of 3828764?
2, 23, 41617
List the prime factors of 1656342.
2, 3, 37, 829
List the prime factors of 64202.
2, 47, 683
What are the prime factors of 9584025?
3, 5, 11, 11617
List the prime factors of 470722.
2, 7, 33623
What are the prime factors of 2192195?
5, 438439
What are the prime factors of 209521?
13, 71, 227
What are the prime factors of 522882?
2, 3, 23, 421
What are the prime factors of 500523?
3, 166841
What are the prime factors of 989736?
2, 3, 11, 23, 163
List the prime factors of 524836.
2, 13, 10093
What are the prime factors of 659838?
2, 3, 17, 6469
What are the prime factors of 9865614?
2, 3, 11, 107, 127
What are the prime factors of 88994?
2, 44497
What are the prime factors of 1166634?
2, 3, 7, 47, 197
What are the prime factors of 24564?
2, 3, 23, 89
What are the prime factors of 14218042?
2, 19, 374159
What are the prime factors of 738779?
37, 41, 487
What are the prime factors of 224601?
3, 13, 443
List the prime factors of 5733619.
29, 197711
List the prime factors of 1113612.
2, 3, 92801
List the prime factors of 6735077.
17, 396181
List the prime factors of 10505040.
2, 3, 5, 7, 13, 37
W